(a) = -7*a**3 - 11*a**2 - 7*a - 2. Let c(n) = -n**3 + n + 2*n**2 + 2*n**3 - n**2 + 1. Let d(o) = -6*c(o) - l(o). Suppose 6 = -2*p - 2. Give d(p).
8
Suppose 4*z = 5 - 13. Let g(s) be the second derivative of -s**2 + 0 - 2/3*s**3 + 2*s. Give g(z).
6
Let h = -1 - -1. Let s(a) = -a - 2. Give s(h).
-2
Let y = -13 - -14. Suppose 0*z + z - 1 = 0. Let r be z*1/y*-4. Let a(o) = o. What is a(r)?
-4
Suppose -3*w + 7*w + 25 = -5*c, -2*c = 10. Let a(y) = 3 + w - 2 + 1 + y**2 + 7*y. What is a(-5)?
-8
Let n(b) = b + 5. Let w = -118 - -109. Determine n(w).
-4
Suppose 6 = 3*g - 0*g. Let x(t) = -t - t + g*t - 5 + t**2. Calculate x(0).
-5
Let q(u) = u**2 + 3*u + 2. Let t be q(-2). Let w = -1 - t. Let s(h) = -h + 1. Let i(o) = -3*o + 3. Let j(p) = -i(p) + 2*s(p). What is j(w)?
-2
Let u(p) = -p**3 - p**2 + 2*p + 2. Let f be u(-2). Suppose -r = f*r. Let s(i) = 5 - 30*i**3 + i**2 + 13*i**3 + 16*i**3. Calculate s(r).
5
Let y(l) be the third derivative of -l**5/60 + 2*l**3/3 + 7*l**2. What is y(4)?
-12
Let j(a) = -5*a**2 - 4 + 7*a + 3*a**2 + 3*a**2. Let i(c) = c**2 + 7*c - 3. Let z(m) = -4*i(m) + 3*j(m). Determine z(-6).
6
Let y(o) = -2*o**3 - 5*o**2 - 2*o - 1. Let i = 9 + -12. What is y(i)?
14
Suppose 4*x + 11 = n + 2*n, 20 = -4*x. Let s(g) be the second derivative of g**4/12 + 5*g**3/6 + g**2 - 16*g. What is s(n)?
-4
Let s(q) = 2*q + 4. Let w be s(-3). Let o(n) = 10*n - 3. Let x(h) = -11*h + 4. Let p(k) = w*x(k) - 3*o(k). Let t = -7 - -8. Calculate p(t).
-7
Let a(c) be the first derivative of -c**2/2 - c + 6. Determine a(1).
-2
Let b(z) = 2*z - 2. Let p be (-675)/(-100) - (-3)/(-4). Determine b(p).
10
Let w(o) = 2*o**3 + 2*o + 1. Let n be (-22)/5 - -2 - (-44)/110. Give w(n).
-19
Let u(m) = 2*m + 3. Let d be u(-3). Let o(t) = -t**2 - t + 4 - 1 - 3. Let w(l) = -3*l**2 - 6*l. Let n(s) = -2*o(s) + w(s). Calculate n(d).
3
Let u(b) = -11*b**3 + 15*b**2 + 19*b + 7. Let f(y) = -5*y**3 + 7*y**2 + 9*y + 3. Let m(r) = 13*f(r) - 6*u(r). Calculate m(2).
15
Suppose 0 = -10*t + 24 + 6. Let u(h) be the third derivative of 0*h + 1/24*h**4 + 1/60*h**5 - h**t - h**2 + 0. What is u(0)?
-6
Let p(j) = 4*j - 2. Let h be p(0). Let v(w) be the first derivative of w**4/4 - w**2 - w - 1. Calculate v(h).
-5
Let j(m) = m**3 - 5*m**2 + 7*m - 5. Let u be j(4). Let y be 14/u*(1 + 0). Let r(w) = 3*w - 2. Calculate r(y).
4
Let z(g) = -g**3 + 6*g**2 - 5*g - 4. Let d = -5 - -5. Suppose l + 4*l - 110 = d. Suppose 21 = 2*h + 5*a + 6, 4*h + 2*a = l. Determine z(h).
-4
Let g(c) = c - c - 3 + 2*c - c. Determine g(6).
3
Let m(g) = -g**3 + g + 1. Let w be m(0). Let y(i) = i + 1. Let q(f) = -7*f - 1. Let r(t) = -q(t) - y(t). What is r(w)?
6
Let h(p) = -p**3 - p + 3. Let s be h(0). Let v(o) = -5*o - s*o + 7*o - 2 + o**2. Suppose -y = -5*y. Give v(y).
-2
Let l(z) = -z - 2*z + 7 - 6. Suppose -2*n + 4 = 3*d, 0 = -5*n + 4*d - d - 11. Determine l(n).
4
Let q(n) = n**2 + 4*n. Let c be q(-4). Let o(h) = -h**2 + h + 3. Give o(c).
3
Let f(g) be the second derivative of -g**3/2 + 2*g. Let u be f(-1). Let d(h) = u + h**2 - 1 + 5*h - 4. Calculate d(-5).
-2
Let f = 4 - 5. Suppose -n = t - 8, -n + 0*t - 5*t + 28 = 0. Let q(o) = 1 + 3 - 3 + n*o**2. What is q(f)?
4
Let m(t) = 0 + t**2 + 2 + 0*t**2. Let x be 6/24 + 27/(-12) + 2. Determine m(x).
2
Let f(z) = -z**3 - 4*z**2 + 3*z - 6. Let n(q) be the third derivative of 1/2*q**3 + 0*q + 2*q**2 - 1/12*q**4 + 0. Let v be n(4). Calculate f(v).
4
Let j(k) = -k**2 - 2*k + 4. Let c(m) = -m + 7. Let u be c(4). Suppose -u*d - 3 = -2*v, -d - 2*v - 9 + 0 = 0. Give j(d).
1
Let q(z) be the second derivative of z**3 - z**2/2 + 14*z. Give q(4).
23
Let w(d) = -3*d + 10. Let c(o) = 7*o - 23. Let m(a) = -2*c(a) - 5*w(a). Let b be 10/3 + 1/(-3). Determine m(b).
-1
Let f(v) be the third derivative of v**4/24 + 4*v**3/3 - 3*v**2. Calculate f(0).
8
Let w(g) = 6*g**2 - 6*g - 6. Let x(q) = 5*q**2 - 6*q - 5. Let m(l) = 4*w(l) - 5*x(l). Suppose 2 = u - 3. What is m(u)?
6
Let l(r) be the second derivative of -r**4/12 + r**3/6 - 7*r**2/2 + r. Let w be (0/((-20)/(-4)))/1. Give l(w).
-7
Let g = -19 + 28. Let c(w) = -w**3 + 10*w**2 - 10*w + 4. Let b be c(g). Let u(d) = -d + d**3 - d**2 + 6*d**2 + 0*d**3. Determine u(b).
5
Let t(r) be the third derivative of r**5/60 + r**4/4 - r**3/3 + r**2. Give t(-6).
-2
Let j be (-24)/(-20)*5/2. Let c be (-4)/(-3) + 2/j. Let v(a) = c*a**2 + 3*a**2 - 3*a**2 + 1. What is v(1)?
3
Let l(q) = 2*q**2 + 6*q - 9. Let r(n) = -3*n**2 - 5*n + 10. Let b(v) = -4*l(v) - 3*r(v). Let k be 168/(-16)*(-4)/6. What is b(k)?
-8
Suppose 2*w - t - 12 - 5 = 0, -w - 4 = 2*t. Let a(f) be the first derivative of -f**2/2 - 2*f + 2. Give a(w).
-8
Let b(j) = -9*j**2 + 0 - 3*j**2 + 1. What is b(1)?
-11
Let b be (-2)/(1 + -3) + 0. Suppose 5*x + 40 = -5*x. Let p be x + b/2*-2. Let o(f) = -f - 4. Give o(p).
1
Let i be (-42)/4*(-8)/(-12). Let o(y) = y**3 + 7*y**2 + 6*y + 1. Let u(p) = p**3 + 8*p**2 + 7*p + 1. Let n(t) = i*o(t) + 6*u(t). Determine n(-2).
3
Let d(y) be the second derivative of -y**5/20 - y**4/12 - y**3/6 + 4*y. Suppose 6*s = 2*s. What is d(s)?
0
Let v(j) = -7*j + 6. Let n(q) = 6*q - 6. Let h(l) = 6*n(l) + 5*v(l). Let w(r) = 2*r**2 - 4*r + 3. Let k be w(2). Determine h(k).
-3
Let d(c) = -20*c + 9. Let w(p) = 7*p - 3. Let k(u) = 6*d(u) + 17*w(u). Determine k(7).
-4
Let c be (-19)/(-4) - (-1)/4. Suppose y + y = -c*x - 16, 4*y = 4*x - 4. Let z(v) = -v**3 - 3*v**2 - 2*v + 1. Determine z(x).
1
Let k(w) = 3*w**2 + 7*w + 10. Let d(y) = y**2 + y + 1. Let n(m) = -4*d(m) + k(m). Give n(5).
-4
Let a(i) = -10*i. Suppose 0*j + 3*j - 3 = 0. What is a(j)?
-10
Suppose 5*l + 140 = -4*i + 9*i, -5*i - 2*l + 154 = 0. Let t(y) = 48*y - i*y - 1 - 25*y + y**2. Give t(6).
-7
Let y(o) = 4*o + 5*o + 7*o - 15*o - 4. Let a = -4 + 4. What is y(a)?
-4
Let d(l) = -l**2 - 4*l + 2. Let o be d(-4). Let s(b) be the second derivative of -5/2*b**o + b**3 + 0 - 2*b - 1/12*b**4. Determine s(5).
0
Let f = 0 + 0. Let o be (-5)/(-3) + 5/15. Let b(k) = 2 - 4*k**o - 3 + 5*k**2. Calculate b(f).
-1
Let j(i) = -6*i + 3. Let a(r) = r**2 + 2*r - 6. Let x be a(-4). Give j(x).
-9
Let l = -9 + 13. Suppose -l*w = g - 23, -2*w + 1 - 6 = -5*g. Let q(r) = -3*r + 4. Determine q(g).
-5
Let u(f) = -13*f + 4*f + 2 + 8*f. Let l(p) = 4*p - 7. Let b(a) = 2*l(a) + 9*u(a). Determine b(4).
0
Suppose 4*x = 9 + 11. Let h(o) be the first derivative of o**4/4 - 2*o**3 + 2*o**2 + 3*o - 5. What is h(x)?
-2
Let f(s) = -15*s**2 - s. Let i = 42 - 41. Calculate f(i).
-16
Let x = 14 - 15. Let v be (2 - (-12)/(-4))*x. Let j(y) = -1 + 1 - 5*y. What is j(v)?
-5
Suppose h = -3*h. Let x(q) be the third derivative of 0 + 2/3*q**3 + 2*q**2 + h*q - 1/30*q**5 + 1/12*q**4. Give x(3).
-8
Let h(j) = j**2 + j - 5. Let s(u) = -3*u**2 - 3*u + 16. Let d(v) = 7*h(v) + 2*s(v). Calculate d(0).
-3
Let i(u) = -2*u**2 - 12*u - 11. Let v(x) = -x**2 - 6*x - 5. Let m(f) = 6*i(f) - 13*v(f). Let k = -4 - -8. Suppose -4*l - l = 5*p, k*l = -p - 15. What is m(l)?
-6
Let x be (-6 - (-1 - 3) - -5) + 0. Let j(f) = -f**3 + 7*f**2 - 4*f - 1. Let i(k) = 2*k**3 - 15*k**2 + 9*k + 3. Let h(b) = 3*i(b) + 7*j(b). Determine h(x).
8
Let o(n) be the first derivative of 1 + 1/3*n**3 + 6*n - 5/2*n**2. Let y = 4 + 1. What is o(y)?
6
Let w(g) = 7*g + 1. Let a be (0 - (-2)/(-4)) + 6/4. Give w(a).
8
Let m(n) = 3 + 3*n**3 + 6*n**2 - 2*n**3 + 2 - 3. What is m(-6)?
2
Let v(z) = 6*z**2 - 7*z + 7. Let g(f) = -5*f**2 + 6*f - 6. Let j(s) = -7*g(s) - 6*v(s). Determine j(1).
-1
Let v(r) be the third derivative of -1/24*r**4 + 0 + 0*r + 1/3*r**3 + r**2. Suppose 0*x - 25 = -5*x. Calculate v(x).
-3
Let s(l) = 6*l + 5. Let u be 2*3/12*0. Let g be (u - -1) + 5/(-1). Let o(b) = 7*b + 6. Let j(n) = g*o(n) + 5*s(n). Determine j(1).
3
Let g be (1 - 3)*(-1)/2. Let y(j) = 4*j + 3*j + 7 - 4*j. Let m(o) = -1. Let a(n) = -6*m(n) - y(n). Determine a(g).
-4
Let i(q) = 5*q**3 + 3*q**2 + 3*q + 2. Let k(u) = 14*u**3 + 8*u**2 + 8*u + 6. Let w(v) = -11*i(v) + 4*k(v). What is w(0)?
2
Let q(g) = 22*g - 25*g + 2*g**2 + g**2. Determine q(2).
6
Let p(m) be the first derivative of 0*m**2 + 3*m - 3 + 1/3*m**3. Let n(t) be the first derivative of p(t). Calculate n(2).
4
Suppose 0*r + 42 = -r. Let g be r/(-8) + (-3)/12. Let c(u) be the first derivative of -u**2/2 - 1. Calculate c(g).
-5
Suppose d = -2*f + 2*d - 5, 4*d + 8 = f. Let w(j) = j**3 + 3*j**2